{"id":328,"date":"2023-07-04T14:14:23","date_gmt":"2023-07-04T12:14:23","guid":{"rendered":"https:\/\/therapiepraxis-kompass.de\/?page_id=328"},"modified":"2024-06-19T12:05:09","modified_gmt":"2024-06-19T10:05:09","slug":"wichtiges","status":"publish","type":"page","link":"https:\/\/therapiepraxis-kompass.de\/?page_id=328","title":{"rendered":"Wichtig zu wissen"},"content":{"rendered":"\n<div id=\"wp-block-themeisle-blocks-accordion-d2e65fbf\" class=\"wp-block-themeisle-blocks-accordion exclusive\">\n<details class=\"wp-block-themeisle-blocks-accordion-item\"><summary class=\"wp-block-themeisle-blocks-accordion-item__title\"><div><strong>Heilmittelverordnung<\/strong><\/div><\/summary><div class=\"wp-block-themeisle-blocks-accordion-item__content\">\n<p>Bitte denken Sie daran, dass wir zu jedem Termin eine <strong>g\u00fcltige Heilmittelverordnung<\/strong> ben\u00f6tigen.<\/p>\n\n\n\n<p>Ohne eine g\u00fcltige Heilmittelverordnung d\u00fcrfen wir keine Therapien anbieten.<\/p>\n<\/div><\/details>\n\n\n\n<details class=\"wp-block-themeisle-blocks-accordion-item\"><summary class=\"wp-block-themeisle-blocks-accordion-item__title\"><div><strong>Absagen<\/strong><\/div><\/summary><div class=\"wp-block-themeisle-blocks-accordion-item__content\">\n<p>Beachten Sie bitte: Wir halten die vereinbarten Termine ausschlie\u00dflich f\u00fcr Sie frei. Sollten Sie einen Termin einmal nicht wahrnehmen k\u00f6nnen, bitten wir<br>Sie daher um eine rechtzeitige Benachrichtigung, <strong>mindestens 24 Stunden vor Ihrem Termin<\/strong>!<\/p>\n\n\n\n<p> Sie erreichen uns, auch an Sonn- und Feiertagen, telefonisch unter: <a href=\"tel:+4961179065678\">0611-7906 5678<\/a> , per <a href=\"mailto:info@therapiepraxis-kompass.de\">Email<\/a> oder \u00fcber <a href=\"https:\/\/wa.me\/4961179065678\">Whattsapp<\/a>. <\/p>\n\n\n\n<p><strong>Nicht- oder nicht rechtzeitig abgesagte Termine m\u00fcssen wir Ihnen, <mark style=\"background-color:rgba(0, 0, 0, 0)\" class=\"has-inline-color has-neve-link-hover-color-color\">unabh\u00e4ngig vom Grund der Absage<\/mark>, privat in Rechnung stellen!<\/strong><\/p>\n\n\n\n<p><br><\/p>\n<\/div><\/details>\n<\/div>\n\n\n\n<div id=\"wp-block-themeisle-blocks-accordion-54f11e0c\" class=\"wp-block-themeisle-blocks-accordion exclusive\">\n<details class=\"wp-block-themeisle-blocks-accordion-item\"><summary class=\"wp-block-themeisle-blocks-accordion-item__title\"><div><strong>Privatpatienten<\/strong><\/div><\/summary><div class=\"wp-block-themeisle-blocks-accordion-item__content\">\n<p>F\u00fcr Privatversicherte Patienten und Selbstzahler haben wir <strong>eigene Verg\u00fctungss\u00e4tze.<\/strong> Da es keine durch den Gesetzgeber festgelegte Geb\u00fchrenordnung gibt, richten sich unsere Preise nach der <strong>freiwilligen Geb\u00fchren\u00fcbersicht f\u00fcr Therapeuten<\/strong> (\u201eGeb\u00fcTh\u201c) und k\u00f6nnen, je nach Ihrer Versicherung, zum Teil deutlich, von den Erstattungsleistungen Ihrer Krankenversicherung abweichen. <strong>Bitte informieren Sie sich<\/strong> zu Beginn der Therapie \u00fcber die<br>Erstattungsleistungen Ihrer Krankenversicherung. Weitere Informationen finden Sie auch unter <a href=\"http:\/\/www.privatpreise.de\">www.privatpreise.de<\/a> <sup>(externer Link)<\/sup><br><\/p>\n<\/div><\/details>\n\n\n\n<details class=\"wp-block-themeisle-blocks-accordion-item\"><summary class=\"wp-block-themeisle-blocks-accordion-item__title\"><div><strong>Beihilfeberechtigte<\/strong><\/div><\/summary><div class=\"wp-block-themeisle-blocks-accordion-item__content\">\n<p>Wenn sie Beihilfeberechtigt sind, gelten Sie als <strong>Selbstzahler<\/strong>. Auch in diesem Fall gelten unsere r<strong>egul\u00e4ren Preise f\u00fcr Privatpatienten<\/strong>. Ihr \u201eDienstherr\u201c leistet i.d.R. <strong>keine vollst\u00e4ndige Kosten\u00fcbernahme<\/strong>, sondern nur einen \u201enicht kostendeckenden Satz\u201c. F\u00fcr den Teil der Krankheitskosten, der nicht von der Beihilfe gedeckt ist, gilt die <strong>Pflicht zur Versicherung<\/strong>. Einen auf den genauen Beihilfesatz abgestimmten Tarif f\u00fcr die verbleibenden Prozente der Krankheitskosten k\u00f6nnen alle Personen mit Beihilfeanspruch bei einem privaten Krankenversicherer abschlie\u00dfen. Dar\u00fcberhinausgehende Zusatzleistungen k\u00f6nnen \u00fcber <strong>Beihilfeerg\u00e4nzungstarife <\/strong>abgesichert werden.<br>Bei Fragen hierzu wenden Sie sich bitte an Ihren privaten Krankenversicherer.<br><\/p>\n<\/div><\/details>\n<\/div>\n\n\n\n<div id=\"wp-block-themeisle-blocks-accordion-cb7c84f9\" class=\"wp-block-themeisle-blocks-accordion exclusive\">\n<details class=\"wp-block-themeisle-blocks-accordion-item\"><summary class=\"wp-block-themeisle-blocks-accordion-item__title\"><div><strong>Zuzahlung<\/strong><\/div><\/summary><div class=\"wp-block-themeisle-blocks-accordion-item__content\">\n<p>Wir sind dazu gesetzlich <strong>verpflichtet<\/strong>, dass wir von gesetzlich versicherten Patienten, die das 18. Lebensjahr vollendet haben, einen <strong>vorgeschriebenen Eigenanteil <\/strong>einziehen m\u00fcssen. Dieser bel\u00e4uft sich auf 10,-\u20ac &#8222;Verordnungsblattgeb\u00fchr&#8220; zuz\u00fcglich 10% des gesamten Rezeptwertes, abh\u00e4ngig von der Therapieart und -dauer.<\/p>\n\n\n\n<p>Unter bestimmten Umst\u00e4nden haben Sie die M\u00f6glichkeit, sich von der Zuzahlungspflicht von Ihrer Krankenkasse <strong>befreien <\/strong>zu lassen. Informieren Sie sich hierzu bitte direkt bei Ihrer Krankenkasse.<\/p>\n<\/div><\/details>\n<\/div>\n\n\n<p>Sollten Sie noch weitere Fragen haben,\u00a0 kontaktieren Sie uns gerne <a href=\"https:\/\/therapiepraxis-kompass.de\/?page_id=652\">hier<\/a>.<\/p>\n\n\n<div style=\"height:100px\" aria-hidden=\"true\" class=\"wp-block-spacer\"><\/div>\n\n\n\n<div id=\"wp-block-themeisle-blocks-advanced-columns-f1f47e88\" class=\"wp-block-themeisle-blocks-advanced-columns has-4-columns has-desktop-equal-layout has-tablet-equal-layout has-mobile-collapsedRows-layout has-vertical-unset\"><div class=\"wp-block-themeisle-blocks-advanced-columns-overlay\"><\/div><div class=\"innerblocks-wrap\">\n<div id=\"wp-block-themeisle-blocks-advanced-column-a07cd50a\" class=\"wp-block-themeisle-blocks-advanced-column\"><div class=\"wp-block-image\">\n<figure class=\"aligncenter size-full is-resized\"><a href=\"https:\/\/wa.me\/4961179065678\"><img loading=\"lazy\" decoding=\"async\" width=\"48\" height=\"48\" src=\"https:\/\/therapiepraxis-kompass.de\/wp-content\/uploads\/2024\/06\/icons8-whatsapp-48.png\" alt=\"\" class=\"wp-image-667\" style=\"width:78px;height:auto\"\/><\/a><\/figure>\n<\/div><\/div>\n\n\n\n<div id=\"wp-block-themeisle-blocks-advanced-column-36fd9fed\" class=\"wp-block-themeisle-blocks-advanced-column\"><div class=\"wp-block-image\">\n<figure class=\"aligncenter size-full is-resized\"><a href=\"https:\/\/www.instagram.com\/therapiepraxiskompass\/\"><img loading=\"lazy\" decoding=\"async\" width=\"48\" height=\"48\" src=\"https:\/\/therapiepraxis-kompass.de\/wp-content\/uploads\/2024\/06\/icons8-instagram-48.png\" alt=\"\" class=\"wp-image-666\" style=\"width:75px;height:auto\"\/><\/a><\/figure>\n<\/div><\/div>\n\n\n\n<div id=\"wp-block-themeisle-blocks-advanced-column-879c8cd9\" class=\"wp-block-themeisle-blocks-advanced-column\"><div class=\"wp-block-image\">\n<figure class=\"aligncenter size-full is-resized\"><a href=\"https:\/\/www.facebook.com\/p\/Therapiepraxis-Kompass-100066962254860\/?locale=de_DE\"><img loading=\"lazy\" decoding=\"async\" width=\"48\" height=\"48\" src=\"https:\/\/therapiepraxis-kompass.de\/wp-content\/uploads\/2024\/06\/icons8-facebook-48.png\" alt=\"\" class=\"wp-image-665\" style=\"width:68px;height:auto\"\/><\/a><\/figure>\n<\/div><\/div>\n\n\n\n<div id=\"wp-block-themeisle-blocks-advanced-column-e9e0a325\" class=\"wp-block-themeisle-blocks-advanced-column\"><div class=\"wp-block-image\">\n<figure class=\"aligncenter size-full is-resized\"><a href=\"https:\/\/reviewforest.org\/praxis-kompass?_gl=1*31el7e*_gcl_au*ODc0Nzk4OTQ3LjE3MTc1ODExNzc.\"><img loading=\"lazy\" decoding=\"async\" width=\"264\" height=\"299\" src=\"https:\/\/therapiepraxis-kompass.de\/wp-content\/uploads\/2024\/06\/icon-reviewforest.png\" alt=\"\" class=\"wp-image-690\" style=\"width:57px;height:auto\"\/><\/a><\/figure>\n<\/div><\/div>\n<\/div><\/div>\n\n\n\n<div style=\"height:100px\" aria-hidden=\"true\" class=\"wp-block-spacer\"><\/div>\n","protected":false},"excerpt":{"rendered":"<p>Sollten Sie noch weitere Fragen haben,\u00a0 kontaktieren Sie uns gerne hier.<\/p>\n","protected":false},"author":1,"featured_media":0,"parent":0,"menu_order":0,"comment_status":"closed","ping_status":"closed","template":"","meta":{"om_disable_all_campaigns":false,"_monsterinsights_skip_tracking":false,"_monsterinsights_sitenote_active":false,"_monsterinsights_sitenote_note":"","_monsterinsights_sitenote_category":0,"neve_meta_sidebar":"","neve_meta_container":"","neve_meta_enable_content_width":"","neve_meta_content_width":0,"neve_meta_title_alignment":"","neve_meta_author_avatar":"","neve_post_elements_order":"","neve_meta_disable_header":"","neve_meta_disable_footer":"","neve_meta_disable_title":"","_themeisle_gutenberg_block_has_review":false,"footnotes":""},"class_list":["post-328","page","type-page","status-publish","hentry"],"aioseo_notices":[],"_links":{"self":[{"href":"https:\/\/therapiepraxis-kompass.de\/index.php?rest_route=\/wp\/v2\/pages\/328","targetHints":{"allow":["GET"]}}],"collection":[{"href":"https:\/\/therapiepraxis-kompass.de\/index.php?rest_route=\/wp\/v2\/pages"}],"about":[{"href":"https:\/\/therapiepraxis-kompass.de\/index.php?rest_route=\/wp\/v2\/types\/page"}],"author":[{"embeddable":true,"href":"https:\/\/therapiepraxis-kompass.de\/index.php?rest_route=\/wp\/v2\/users\/1"}],"replies":[{"embeddable":true,"href":"https:\/\/therapiepraxis-kompass.de\/index.php?rest_route=%2Fwp%2Fv2%2Fcomments&post=328"}],"version-history":[{"count":24,"href":"https:\/\/therapiepraxis-kompass.de\/index.php?rest_route=\/wp\/v2\/pages\/328\/revisions"}],"predecessor-version":[{"id":727,"href":"https:\/\/therapiepraxis-kompass.de\/index.php?rest_route=\/wp\/v2\/pages\/328\/revisions\/727"}],"wp:attachment":[{"href":"https:\/\/therapiepraxis-kompass.de\/index.php?rest_route=%2Fwp%2Fv2%2Fmedia&parent=328"}],"curies":[{"name":"wp","href":"https:\/\/api.w.org\/{rel}","templated":true}]}}

<div id="wp-block-themeisle-blocks-accordion-d2e65fbf" class="wp-block-themeisle-blocks-accordion exclusive">
<details class="wp-block-themeisle-blocks-accordion-item"><summary class="wp-block-themeisle-blocks-accordion-item__title"><div><strong>Heilmittelverordnung</strong></div></summary><div class="wp-block-themeisle-blocks-accordion-item__content">
<p>Bitte denken Sie daran, dass wir zu jedem Termin eine <strong>gültige Heilmittelverordnung</strong> benötigen.</p>



<p>Ohne eine gültige Heilmittelverordnung dürfen wir keine Therapien anbieten.</p>
</div></details>



<details class="wp-block-themeisle-blocks-accordion-item"><summary class="wp-block-themeisle-blocks-accordion-item__title"><div><strong>Absagen</strong></div></summary><div class="wp-block-themeisle-blocks-accordion-item__content">
<p>Beachten Sie bitte: Wir halten die vereinbarten Termine ausschließlich für Sie frei. Sollten Sie einen Termin einmal nicht wahrnehmen können, bitten wir<br>Sie daher um eine rechtzeitige Benachrichtigung, <strong>mindestens 24 Stunden vor Ihrem Termin</strong>!</p>



<p> Sie erreichen uns, auch an Sonn- und Feiertagen, telefonisch unter: <a href="tel:+4961179065678">0611-7906 5678</a> , per <a href="mailto:info@therapiepraxis-kompass.de">Email</a> oder über <a href="https://wa.me/4961179065678">Whattsapp</a>. </p>



<p><strong>Nicht- oder nicht rechtzeitig abgesagte Termine müssen wir Ihnen, <mark style="background-color:rgba(0, 0, 0, 0)" class="has-inline-color has-neve-link-hover-color-color">unabhängig vom Grund der Absage</mark>, privat in Rechnung stellen!</strong></p>



<p><br></p>
</div></details>
</div>



<div id="wp-block-themeisle-blocks-accordion-54f11e0c" class="wp-block-themeisle-blocks-accordion exclusive">
<details class="wp-block-themeisle-blocks-accordion-item"><summary class="wp-block-themeisle-blocks-accordion-item__title"><div><strong>Privatpatienten</strong></div></summary><div class="wp-block-themeisle-blocks-accordion-item__content">
<p>Für Privatversicherte Patienten und Selbstzahler haben wir <strong>eigene Vergütungssätze.</strong> Da es keine durch den Gesetzgeber festgelegte Gebührenordnung gibt, richten sich unsere Preise nach der <strong>freiwilligen Gebührenübersicht für Therapeuten</strong> („GebüTh“) und können, je nach Ihrer Versicherung, zum Teil deutlich, von den Erstattungsleistungen Ihrer Krankenversicherung abweichen. <strong>Bitte informieren Sie sich</strong> zu Beginn der Therapie über die<br>Erstattungsleistungen Ihrer Krankenversicherung. Weitere Informationen finden Sie auch unter <a href="http://www.privatpreise.de">www.privatpreise.de</a> <sup>(externer Link)</sup><br></p>
</div></details>



<details class="wp-block-themeisle-blocks-accordion-item"><summary class="wp-block-themeisle-blocks-accordion-item__title"><div><strong>Beihilfeberechtigte</strong></div></summary><div class="wp-block-themeisle-blocks-accordion-item__content">
<p>Wenn sie Beihilfeberechtigt sind, gelten Sie als <strong>Selbstzahler</strong>. Auch in diesem Fall gelten unsere r<strong>egulären Preise für Privatpatienten</strong>. Ihr „Dienstherr“ leistet i.d.R. <strong>keine vollständige Kostenübernahme</strong>, sondern nur einen „nicht kostendeckenden Satz“. Für den Teil der Krankheitskosten, der nicht von der Beihilfe gedeckt ist, gilt die <strong>Pflicht zur Versicherung</strong>. Einen auf den genauen Beihilfesatz abgestimmten Tarif für die verbleibenden Prozente der Krankheitskosten können alle Personen mit Beihilfeanspruch bei einem privaten Krankenversicherer abschließen. Darüberhinausgehende Zusatzleistungen können über <strong>Beihilfeergänzungstarife </strong>abgesichert werden.<br>Bei Fragen hierzu wenden Sie sich bitte an Ihren privaten Krankenversicherer.<br></p>
</div></details>
</div>



<div id="wp-block-themeisle-blocks-accordion-cb7c84f9" class="wp-block-themeisle-blocks-accordion exclusive">
<details class="wp-block-themeisle-blocks-accordion-item"><summary class="wp-block-themeisle-blocks-accordion-item__title"><div><strong>Zuzahlung</strong></div></summary><div class="wp-block-themeisle-blocks-accordion-item__content">
<p>Wir sind dazu gesetzlich <strong>verpflichtet</strong>, dass wir von gesetzlich versicherten Patienten, die das 18. Lebensjahr vollendet haben, einen <strong>vorgeschriebenen Eigenanteil </strong>einziehen müssen. Dieser beläuft sich auf 10,-€ &#8222;Verordnungsblattgebühr&#8220; zuzüglich 10% des gesamten Rezeptwertes, abhängig von der Therapieart und -dauer.</p>



<p>Unter bestimmten Umständen haben Sie die Möglichkeit, sich von der Zuzahlungspflicht von Ihrer Krankenkasse <strong>befreien </strong>zu lassen. Informieren Sie sich hierzu bitte direkt bei Ihrer Krankenkasse.</p>
</div></details>
</div>


<p>Sollten Sie noch weitere Fragen haben,  kontaktieren Sie uns gerne <a href="https://therapiepraxis-kompass.de/?page_id=652">hier</a>.</p>


<div style="height:100px" aria-hidden="true" class="wp-block-spacer"></div>



<div id="wp-block-themeisle-blocks-advanced-columns-f1f47e88" class="wp-block-themeisle-blocks-advanced-columns has-4-columns has-desktop-equal-layout has-tablet-equal-layout has-mobile-collapsedRows-layout has-vertical-unset"><div class="wp-block-themeisle-blocks-advanced-columns-overlay"></div><div class="innerblocks-wrap">
<div id="wp-block-themeisle-blocks-advanced-column-a07cd50a" class="wp-block-themeisle-blocks-advanced-column"><div class="wp-block-image">
<figure class="aligncenter size-full is-resized"><a href="https://wa.me/4961179065678"><img loading="lazy" decoding="async" width="48" height="48" src="https://therapiepraxis-kompass.de/wp-content/uploads/2024/06/icons8-whatsapp-48.png" alt="" class="wp-image-667" style="width:78px;height:auto"/></a></figure>
</div></div>



<div id="wp-block-themeisle-blocks-advanced-column-36fd9fed" class="wp-block-themeisle-blocks-advanced-column"><div class="wp-block-image">
<figure class="aligncenter size-full is-resized"><a href="https://www.instagram.com/therapiepraxiskompass/"><img loading="lazy" decoding="async" width="48" height="48" src="https://therapiepraxis-kompass.de/wp-content/uploads/2024/06/icons8-instagram-48.png" alt="" class="wp-image-666" style="width:75px;height:auto"/></a></figure>
</div></div>



<div id="wp-block-themeisle-blocks-advanced-column-879c8cd9" class="wp-block-themeisle-blocks-advanced-column"><div class="wp-block-image">
<figure class="aligncenter size-full is-resized"><a href="https://www.facebook.com/p/Therapiepraxis-Kompass-100066962254860/?locale=de_DE"><img loading="lazy" decoding="async" width="48" height="48" src="https://therapiepraxis-kompass.de/wp-content/uploads/2024/06/icons8-facebook-48.png" alt="" class="wp-image-665" style="width:68px;height:auto"/></a></figure>
</div></div>



<div id="wp-block-themeisle-blocks-advanced-column-e9e0a325" class="wp-block-themeisle-blocks-advanced-column"><div class="wp-block-image">
<figure class="aligncenter size-full is-resized"><a href="https://reviewforest.org/praxis-kompass?_gl=1*31el7e*_gcl_au*ODc0Nzk4OTQ3LjE3MTc1ODExNzc."><img loading="lazy" decoding="async" width="264" height="299" src="https://therapiepraxis-kompass.de/wp-content/uploads/2024/06/icon-reviewforest.png" alt="" class="wp-image-690" style="width:57px;height:auto"/></a></figure>
</div></div>
</div></div>



<div style="height:100px" aria-hidden="true" class="wp-block-spacer"></div>
